*2 + 2299*l + 2. Give y(-8).
42
Let z(i) = -269*i - 68912. Determine z(-256).
-48
Let n(y) = -49*y**3 - 4467*y**2 - 723*y + 441. Determine n(-91).
-14
Let a(v) = -199*v + 29818. Determine a(150).
-32
Let d(k) = -65*k - 2808. Calculate d(-39).
-273
Let y(t) = 4*t**2 + 68730*t - 412451. What is y(6)?
73
Let o(c) = c**3 - 13*c**2 + 104*c - 1627. Give o(14).
25
Let o(s) = -1027*s + 878. Give o(3).
-2203
Let q(v) = v**3 - 143*v**2 - 10401*v - 707. What is q(-53)?
-18
Let s(r) = 8647*r + 34664. Calculate s(-4).
76
Let t(k) = -929*k - 84353. Calculate t(-92).
1115
Let z(s) = 298*s**2 - 590*s + 24. Calculate z(2).
36
Let u(w) = -1191*w**2 - 29772*w + 35. Calculate u(-25).
-40
Let q(d) = -5*d**3 - 9*d**2 - d + 11. Determine q(-3).
68
Let k(d) = -d**2 + 1253*d + 1070318. What is k(-583)?
-70
Let k(i) = 2*i**3 - 14*i**2 - 425*i - 38. Calculate k(19).
551
Let g(n) = 3503*n + 24467. What is g(-7)?
-54
Let z(l) = -l**3 - l**2 + 8785*l + 52692. Give z(-6).
162
Let x(a) = -4863*a - 2913087. Give x(-599).
-150
Let n(k) = 7469*k - 724483. Determine n(97).
10
Let v(a) = -124302*a + 115973761. What is v(933)?
-5
Let x(g) = 22285*g + 1805090. What is x(-81)?
5
Let y(u) = u**3 + 27*u**2 + 22*u + 100. Calculate y(-8).
1140
Let r(l) = -6*l**3 - 1404*l**2 + 8651*l + 2649. Determine r(-240).
9
Let s(t) = t**3 + 118*t**2 + 423*t - 3660. Give s(-114).
102
Let u(o) = 568*o + 703. What is u(-1)?
135
Let c(p) = -47*p**2 - 8279*p - 24843. What is c(-3)?
-429
Let i(p) = 25822*p - 464795. What is i(18)?
1
Let o(w) = -628*w - 80396. Calculate o(-128).
-12
Let t(u) = 2*u**2 - 85205*u + 4850144. What is t(57)?
-43
Let j(i) = -5*i**3 - 3*i**2 + 86*i - 3842. Determine j(0).
-3842
Let p(y) = 7371*y + 611796. What is p(-83)?
3
Let c(p) = -p**3 + 11*p**2 - 85*p + 134. Determine c(11).
-801
Let b(h) = 28041*h - 981463. Give b(35).
-28
Let d(u) = 4*u**2 - 823*u + 6335. What is d(8)?
7
Let s(k) = -4157*k - 210220. Give s(-51).
1787
Let q(p) = -p**2 + 398349*p + 5577091. Calculate q(-14).
9
Let b(f) = -167*f - 603. Calculate b(-7).
566
Let g(i) = -i**3 - 12*i**2 + 4011*i + 59477. What is g(-15)?
-13
Let t(a) = 7*a**2 - 10*a - 2044. Give t(16).
-412
Let p(h) = -h**2 - 13*h + 311. Calculate p(-24).
47
Let f(g) = 135*g**2 + 1757*g - 1757. Determine f(1).
135
Let o(b) = b**2 - 511*b - 34373. Give o(-58).
-1371
Let r(z) = 959*z - 8381. Calculate r(10).
1209
Let s(v) = -247*v + 1485. What is s(7)?
-244
Let y(w) = 155372*w - 776882. What is y(5)?
-22
Let v(m) = -m**3 - 45*m**2 - 255*m - 7214. What is v(-43)?
53
Let z(i) = 462*i - 79152. Calculate z(172).
312
Let q(u) = 60*u**3 - 292*u**2 - 25*u + 6. Give q(5).
81
Let p(q) = 4*q**3 - 11*q**2 - 1954*q + 5841. Determine p(3).
-12
Let u(z) = -4*z**2 - 1478*z - 8761. Calculate u(-6).
-37
Let y(o) = -o**2 - 285*o - 12142. Determine y(-49).
-578
Let x(i) = -3416*i + 44396. What is x(13)?
-12
Let w(y) = -8*y**3 + 1910*y**2 + 475*y + 577. Calculate w(239).
-140
Let z(u) = -u**3 + 133*u**2 - 19*u + 2484. Determine z(133).
-43
Let b(c) = -11*c**2 - 2943*c + 72. Give b(0).
72
Let d(q) = -12664*q + 63294. Give d(5).
-26
Let u(b) = -17*b**3 + 322*b**2 + 100*b - 1544. Determine u(19).
-5
Let v(k) = -6*k**3 - 192*k**2 - 6*k - 35. Determine v(-32).
157
Let x(s) = 2*s**2 + 565*s + 16379. Determine x(-250).
129
Let t(m) = 3939*m - 220569. Determine t(56).
15
Let p(w) = -5*w**2 + 8072*w - 48263. Calculate p(6).
-11
Let j(m) = -268450*m - 1610835. Calculate j(-6).
-135
Let d(r) = 2*r**2 - 1282*r - 146980. What is d(740)?
-460
Let r(a) = -a**3 + 407*a**2 + 7171*a + 15594. Determine r(424).
-94
Let k(s) = -s**3 + 35*s**2 - 323*s - 7. Determine k(18).
-313
Let q(o) = -18*o**2 + 2077*o + 1197. What is q(116)?
-79
Let o(b) = -120*b**2 + 279*b + 14793. Calculate o(-10).
3
Let q(a) = -a**3 + 16*a**2 - 73*a + 46. What is q(16)?
-1122
Let r(k) = -4801*k - 326472. Determine r(-68).
-4
Let o(w) = w**3 - 1857*w**2 - 7492*w - 193. Determine o(-4).
-1
Let n(r) = 775*r**2 + 3074*r. Determine n(-4).
104
Let u(v) = -182*v - 511. Give u(-3).
35
Let p(y) = 305*y + 27127. Calculate p(-89).
-18
Let o(b) = 3*b**3 + 12*b**2 + 1326*b + 3863. What is o(-3)?
-88
Let d(r) = 2*r**2 + 2291*r - 34818. Give d(15).
-3
Let d(u) = -u**3 - 48*u**2 - 331*u + 24. Determine d(-8).
112
Let v(i) = 2642*i - 208717. Determine v(79).
1
Let l(z) = -92*z**2 + 16*z + 264. Give l(4).
-1144
Let r(u) = 18825*u - 564743. Determine r(30).
7
Let s(u) = u**3 + 410*u**2 + 1719*u + 38552. What is s(-406)?
-18
Let j(i) = i**3 - 133*i**2 - 153*i + 37685. What is j(132)?
65
Let u(w) = -78*w**3 + 4*w**2 + 53*w + 53. Give u(-1).
82
Let l(f) = 76*f**2 + 438*f - 51. Give l(-7).
607
Let c(v) = -9*v**3 - 1165*v**2 - 1169*v - 5. Give c(-1).
8
Let p(g) = -1249*g + 7027. Calculate p(6).
-467
Let i(l) = 11727*l - 117313. Calculate i(10).
-43
Let a(q) = -582*q**2 - 6397*q + 49. Give a(-11).
-6
Let b(u) = -8174*u - 40922. What is b(-5)?
-52
Let i(t) = 743*t + 23475. Give i(-33).
-1044
Let m(d) = d**3 + 12*d**2 - 131*d - 74. Calculate m(-19).
-112
Let k(s) = 453*s**2 + 2888*s - 2893. What is k(1)?
448
Let h(b) = -486*b - 1917. Give h(-4).
27
Let x(j) = 14761*j - 1667996. Determine x(113).
-3
Let j(a) = -a**3 - 29*a**2 - 70*a + 102. Determine j(-26).
-106
Let x(y) = -46492*y + 2789517. Calculate x(60).
-3
Let n(g) = -4*g**2 - 32676*g + 163484. Determine n(5).
4
Let p(a) = 14*a**3 - 941*a**2 + 197*a + 254. What is p(67)?
-14
Let s(j) = -j**2 - 98906*j + 3067018. Give s(31).
-29
Let t(v) = -177*v**2 - 154*v + 82. What is t(-2)?
-318
Let o(i) = 3*i**3 - 414*i**2 - 185*i + 25537. Give o(138).
7
Let d(c) = -1556559*c - 15565586. Determine d(-10).
4
Let c(g) = -9*g**3 + 645*g**2 + 218*g - 162. Determine c(72).
-18
Let x(f) = -9*f**2 - 36*f + 380. Determine x(6).
-160
Let l(q) = -6*q**2 + 91*q + 237. Calculate l(-3).
-90
Let z(v) = -11868*v - 7370020. Calculate z(-621).
8
Let p(d) = 2597*d + 10477. Give p(-4).
89
Let w(x) = 3*x**3 - 962*x**2 - 9916*x + 32. Calculate w(-10).
-8
Let i(x) = -x**3 + 134*x**2 + 9890*x + 3911. Give i(187).
-16
Let x(a) = a**2 + 40*a - 3996. Calculate x(-77).
-1147
Let i(n) = 356*n - 37734. Determine i(106).
2
Let d(t) = -t**2 - 77085*t - 308343. Give d(-4).
-19
Let l(h) = -16353*h + 164062. Calculate l(10).
532
Let u(q) = -74*q**3 - 8590*q**2 - 699*q - 351. Give u(-116).
-3
Let m(u) = 7*u**3 - 8*u**2 - 12973*u - 12968. Give m(-1).
-10
Let j(y) = 2*y**2 - 666*y + 28387. What is j(49)?
555
Let o(p) = -3*p**3 + 52*p**2 + 8608*p - 146611. Determine o(17).
14
Let o(l) = 3071*l - 18408. Determine o(6).
18
Let h(v) = v**3 + 68*v**2 + 1030*v - 109. Determine h(-23).
6
Let d(k) = k**3 - 24*k**2 - 3943*k + 441. Give d(-52).
-27
Let n(r) = 2*r**3 - 63*r**2 + 22*r - 1617. Give n(32).
111
Let d(t) = -2*t**3 + 64*t**2 - 38*t - 2458. Give d(30).
2
Let a(m) = -1795*m - 122. What is a(-1)?
1673
Let m(a) = -26*a**3 - 1723*a**2 - 6881*a. Determine m(-4).
1620
Let t(m) = m**2 + 135*m + 4885. What is t(-77)?
419
Let a(y) = -5*y**2 - 43*y + 118. Determine a(-12).
-86
Let c(i) = -i**3 - 8*i**2 - i + 27. Calculate c(-7).
-15
Let h(d) = 854*d**2 + 1. What is h(1)?
855
Let o(y) = 12*y**3 - 741*y**2 - 346*y + 10028. Give o(62).
108
Let r(d) = -2*d**3 + 535*d**2 - 15528*d + 1685. Calculate r(33).
2
Let c(t) = -t**3 + 620*t**2 - 14314*t + 253. Determine c(24).
13
Let z(o) = -2968*o + 17567. Give z(6).
-241
Let v(w) = 391*w - 1482. Calculate v(4).
82
Let x(q) = -q**3 + 40*q**2 + 188*q + 80. Determine x(-11).
4183
Let s(i) = -48*i**3 - 289*i**2 - 219*i - 1274. Give s(-6).
4
Let o(s) = -s**3 - 29*s**2 - 18*s + 416. Calculate o(-28).
136
Let d(l) = -5*l**2 - 19126*l + 38278. Determine d(2).
6
Let j(x) = 2*x**3 - 17*x**2 - 63*x - 36. Give j(-6).
-702
Let m(p) = 8703*p + 748460. Give m(-86).
2
Let f(y) = -7394*y + 58960. Give f(8).
-192
Let a(j) = -j**2 - 13186*j - 26366. Calculate a(-2).
2
Let t(f) = f**2 + 59*f + 915. Calculate t(-54).
645
Let s(i) = -27878*i - 83677. Calculate s(-3).
-43
Let c(k) = -k**3 - 27*k**2 - 730*k - 188. What is c(0)?
-188
Let z(i) = i**2 - 26*i - 9193. Give z(-84).
47
Let x(y) = -22392*y - 179104. Give x(-8).
32
Let c(m) = 34*m**2 + 10*m - 86. What is c(-6)?
1078
Let p(z) = 5*z**2 + 238*z - 3577. Give p(12).
-1
Let c(k) = -2*k**3 + 72*k**2 - 252*k - 208. What is c(32)?
-80
Let o(l) = 3*l**3 + 57*l**2 + 275*l - 121. D